{"id":14019,"date":"2024-10-16T08:16:29","date_gmt":"2024-10-16T08:16:29","guid":{"rendered":"https:\/\/damcover.it\/?post_type=product&#038;p=14019"},"modified":"2024-10-17T10:15:03","modified_gmt":"2024-10-17T10:15:03","slug":"dam-primer-primer-bituminoso-al-solvente-per-membrane-b-p","status":"publish","type":"product","link":"https:\/\/damcover.it\/?product=dam-primer-primer-bituminoso-al-solvente-per-membrane-b-p","title":{"rendered":"DAM.PRIMER &#8211; Primer bituminoso al solvente per membrane B.P."},"content":{"rendered":"<h6><span style=\"color: #ff0000;\">DESCRIZIONE<\/span><\/h6>\n<p>Primer bituminoso al 40% con solventi selezionati ad asciugatura rapida.<\/p>\n<h6><span style=\"color: #ff0000;\">VANTAGGI<\/span><\/h6>\n<ul>\n<li><strong>Blocca la polverosit\u00e0<\/strong> e <strong>la porosit\u00e0<\/strong> del calcestruzzo.<\/li>\n<li>Rapida essiccazione del film, assenza di appiccicosit\u00e0.<\/li>\n<li><strong>Facilita la stesura<\/strong> di membrane bitume polimero garantendo un valido ancoraggio.<\/li>\n<li><strong>Ottima adesione<\/strong> e penetrazione su tutte le superfici cementizie asciutte.<\/li>\n<li><strong>Non cola<\/strong> alle alte temperature e non infragilisce alle basse<\/li>\n<li>Assenza di sostanze oleose superficiali residue.<\/li>\n<\/ul>\n<h6><span style=\"color: #ff0000;\">CAMPI D&#8217;IMPIEGO<\/span><\/h6>\n<ul>\n<li>Mano di fondo su <strong>strutture cementizie<\/strong> di viadotti, ponti, muri di fondazione, coperture di edifici civili e industriali.<\/li>\n<li>Va applicato prima dell&#8217;incollaggio delle <strong>membrane bitume polimero<\/strong> a caldo o a freddo con collanti bituminosi, oppure prima della ricopertura con <strong>guaine liquide bituminose<\/strong><\/li>\n<li>Usato come <strong>pittura impermeabilizzante\u00a0<\/strong>nei muri di fonazione in calcestruzzo, come primer fissativo consolidante di superfici in cemento, legno e metallo.<\/li>\n<li>Trova impiego nella preparazione di <strong>superfici metalliche<\/strong> e di superfici di legno.<\/li>\n<\/ul>\n<h6><span style=\"color: #ff0000;\">CONSUMO<\/span><\/h6>\n<ul>\n<li>Il consumo di primer \u00e8 di circa 100\/200 gr\/m2<\/li>\n<\/ul>\n<h6><span style=\"color: #ff0000;\">IMBALLI<\/span><\/h6>\n<ul>\n<li>Secchielli metallici da 5, 10 e 20 Lt.<\/li>\n<\/ul>\n","protected":false},"excerpt":{"rendered":"<p>DESCRIZIONE Primer bituminoso al 40% con solventi selezionati ad asciugatura rapida. VANTAGGI Blocca la polverosit\u00e0 e la porosit\u00e0 del calcestruzzo. Rapida essiccazione del film, assenza di appiccicosit\u00e0. Facilita la stesura di membrane bitume polimero garantendo un valido<\/p>\n","protected":false},"featured_media":14033,"comment_status":"closed","ping_status":"closed","template":"","meta":{"_acf_changed":false,"_joinchat":[]},"product_cat":[38,41],"product_tag":[],"class_list":{"0":"post-14019","1":"product","2":"type-product","3":"status-publish","4":"has-post-thumbnail","6":"product_cat-guaine-liquide","7":"product_cat-tutti-i-prodotti","9":"first","10":"instock","11":"shipping-taxable","12":"product-type-simple"},"acf":[],"_links":{"self":[{"href":"https:\/\/damcover.it\/index.php?rest_route=\/wp\/v2\/product\/14019","targetHints":{"allow":["GET"]}}],"collection":[{"href":"https:\/\/damcover.it\/index.php?rest_route=\/wp\/v2\/product"}],"about":[{"href":"https:\/\/damcover.it\/index.php?rest_route=\/wp\/v2\/types\/product"}],"replies":[{"embeddable":true,"href":"https:\/\/damcover.it\/index.php?rest_route=%2Fwp%2Fv2%2Fcomments&post=14019"}],"wp:featuredmedia":[{"embeddable":true,"href":"https:\/\/damcover.it\/index.php?rest_route=\/wp\/v2\/media\/14033"}],"wp:attachment":[{"href":"https:\/\/damcover.it\/index.php?rest_route=%2Fwp%2Fv2%2Fmedia&parent=14019"}],"wp:term":[{"taxonomy":"product_cat","embeddable":true,"href":"https:\/\/damcover.it\/index.php?rest_route=%2Fwp%2Fv2%2Fproduct_cat&post=14019"},{"taxonomy":"product_tag","embeddable":true,"href":"https:\/\/damcover.it\/index.php?rest_route=%2Fwp%2Fv2%2Fproduct_tag&post=14019"}],"curies":[{"name":"wp","href":"https:\/\/api.w.org\/{rel}","templated":true}]}}